{"id":1159,"date":"2021-04-30T09:10:00","date_gmt":"2021-04-30T12:10:00","guid":{"rendered":"http:\/\/jornal.cambe.pr.gov.br\/?post_type=wpdmpro&#038;p=1159"},"modified":"2021-04-30T09:10:00","modified_gmt":"2021-04-30T12:10:00","slug":"edicao-911-30-04-2021-edital-no-011-2021-resultado-preliminar-da-avaliacao-de-afrodescendentes-edital-no-012-2021-resultado-preliminar-da-prova-de-redacao-e-prova-de-titulos","status":"publish","type":"wpdmpro","link":"https:\/\/jornal.cambe.pr.gov.br\/index.php\/download\/edicao-911-30-04-2021-edital-no-011-2021-resultado-preliminar-da-avaliacao-de-afrodescendentes-edital-no-012-2021-resultado-preliminar-da-prova-de-redacao-e-prova-de-titulos\/","title":{"rendered":"Edi\u00e7\u00e3o 911 \u2013 30.04.2021 &#8211; Edital n\u00ba 011\/2021 &#8211; Resultado Preliminar da avalia\u00e7\u00e3o de afrodescendentes; Edital n\u00ba 012\/2021 &#8211; Resultado Preliminar da prova de reda\u00e7\u00e3o e prova de t\u00edtulos."},"content":{"rendered":"","protected":false},"excerpt":{"rendered":"","protected":false},"author":2,"featured_media":0,"comment_status":"closed","ping_status":"closed","template":"","meta":[],"class_list":["post-1159","wpdmpro","type-wpdmpro","status-publish","hentry","wpdmcategory-jornal-oficial"],"yoast_head":"<!-- This site is optimized with the Yoast SEO plugin v24.4 - https:\/\/yoast.com\/wordpress\/plugins\/seo\/ -->\n<title>Edi\u00e7\u00e3o 911 \u2013 30.04.2021 - Edital n\u00ba 011\/2021 - Resultado Preliminar da avalia\u00e7\u00e3o de afrodescendentes; Edital n\u00ba 012\/2021 - Resultado Preliminar da prova de reda\u00e7\u00e3o e prova de t\u00edtulos. - Jornal Oficial do Munic\u00edpio de Camb\u00e9<\/title>\n<meta name=\"robots\" content=\"index, follow, max-snippet:-1, max-image-preview:large, max-video-preview:-1\" \/>\n<link rel=\"canonical\" href=\"https:\/\/jornal.cambe.pr.gov.br\/index.php\/download\/edicao-911-30-04-2021-edital-no-011-2021-resultado-preliminar-da-avaliacao-de-afrodescendentes-edital-no-012-2021-resultado-preliminar-da-prova-de-redacao-e-prova-de-titulos\/\" \/>\n<meta property=\"og:locale\" content=\"pt_BR\" \/>\n<meta property=\"og:type\" content=\"article\" \/>\n<meta property=\"og:title\" content=\"Edi\u00e7\u00e3o 911 \u2013 30.04.2021 - Edital n\u00ba 011\/2021 - Resultado Preliminar da avalia\u00e7\u00e3o de afrodescendentes; Edital n\u00ba 012\/2021 - Resultado Preliminar da prova de reda\u00e7\u00e3o e prova de t\u00edtulos. - Jornal Oficial do Munic\u00edpio de Camb\u00e9\" \/>\n<meta property=\"og:url\" content=\"https:\/\/jornal.cambe.pr.gov.br\/index.php\/download\/edicao-911-30-04-2021-edital-no-011-2021-resultado-preliminar-da-avaliacao-de-afrodescendentes-edital-no-012-2021-resultado-preliminar-da-prova-de-redacao-e-prova-de-titulos\/\" \/>\n<meta property=\"og:site_name\" content=\"Jornal Oficial do Munic\u00edpio de Camb\u00e9\" \/>\n<meta name=\"twitter:card\" content=\"summary_large_image\" \/>\n<script type=\"application\/ld+json\" class=\"yoast-schema-graph\">{\"@context\":\"https:\/\/schema.org\",\"@graph\":[{\"@type\":\"WebPage\",\"@id\":\"https:\/\/jornal.cambe.pr.gov.br\/index.php\/download\/edicao-911-30-04-2021-edital-no-011-2021-resultado-preliminar-da-avaliacao-de-afrodescendentes-edital-no-012-2021-resultado-preliminar-da-prova-de-redacao-e-prova-de-titulos\/\",\"url\":\"https:\/\/jornal.cambe.pr.gov.br\/index.php\/download\/edicao-911-30-04-2021-edital-no-011-2021-resultado-preliminar-da-avaliacao-de-afrodescendentes-edital-no-012-2021-resultado-preliminar-da-prova-de-redacao-e-prova-de-titulos\/\",\"name\":\"Edi\u00e7\u00e3o 911 \u2013 30.04.2021 - Edital n\u00ba 011\/2021 - Resultado Preliminar da avalia\u00e7\u00e3o de afrodescendentes; Edital n\u00ba 012\/2021 - Resultado Preliminar da prova de reda\u00e7\u00e3o e prova de t\u00edtulos. - Jornal Oficial do Munic\u00edpio de Camb\u00e9\",\"isPartOf\":{\"@id\":\"https:\/\/jornal.cambe.pr.gov.br\/#website\"},\"datePublished\":\"2021-04-30T12:10:00+00:00\",\"breadcrumb\":{\"@id\":\"https:\/\/jornal.cambe.pr.gov.br\/index.php\/download\/edicao-911-30-04-2021-edital-no-011-2021-resultado-preliminar-da-avaliacao-de-afrodescendentes-edital-no-012-2021-resultado-preliminar-da-prova-de-redacao-e-prova-de-titulos\/#breadcrumb\"},\"inLanguage\":\"pt-BR\",\"potentialAction\":[{\"@type\":\"ReadAction\",\"target\":[\"https:\/\/jornal.cambe.pr.gov.br\/index.php\/download\/edicao-911-30-04-2021-edital-no-011-2021-resultado-preliminar-da-avaliacao-de-afrodescendentes-edital-no-012-2021-resultado-preliminar-da-prova-de-redacao-e-prova-de-titulos\/\"]}]},{\"@type\":\"BreadcrumbList\",\"@id\":\"https:\/\/jornal.cambe.pr.gov.br\/index.php\/download\/edicao-911-30-04-2021-edital-no-011-2021-resultado-preliminar-da-avaliacao-de-afrodescendentes-edital-no-012-2021-resultado-preliminar-da-prova-de-redacao-e-prova-de-titulos\/#breadcrumb\",\"itemListElement\":[{\"@type\":\"ListItem\",\"position\":1,\"name\":\"In\u00edcio\",\"item\":\"https:\/\/jornal.cambe.pr.gov.br\/\"},{\"@type\":\"ListItem\",\"position\":2,\"name\":\"Edi\u00e7\u00e3o 911 \u2013 30.04.2021 &#8211; Edital n\u00ba 011\/2021 &#8211; Resultado Preliminar da avalia\u00e7\u00e3o de afrodescendentes; Edital n\u00ba 012\/2021 &#8211; Resultado Preliminar da prova de reda\u00e7\u00e3o e prova de t\u00edtulos.\"}]},{\"@type\":\"WebSite\",\"@id\":\"https:\/\/jornal.cambe.pr.gov.br\/#website\",\"url\":\"https:\/\/jornal.cambe.pr.gov.br\/\",\"name\":\"Jornal Oficial do Munic\u00edpio de Camb\u00e9\",\"description\":\"Prefeitura de Camb\u00e9\",\"potentialAction\":[{\"@type\":\"SearchAction\",\"target\":{\"@type\":\"EntryPoint\",\"urlTemplate\":\"https:\/\/jornal.cambe.pr.gov.br\/?s={search_term_string}\"},\"query-input\":{\"@type\":\"PropertyValueSpecification\",\"valueRequired\":true,\"valueName\":\"search_term_string\"}}],\"inLanguage\":\"pt-BR\"}]}<\/script>\n<!-- \/ Yoast SEO plugin. -->","yoast_head_json":{"title":"Edi\u00e7\u00e3o 911 \u2013 30.04.2021 - Edital n\u00ba 011\/2021 - Resultado Preliminar da avalia\u00e7\u00e3o de afrodescendentes; Edital n\u00ba 012\/2021 - Resultado Preliminar da prova de reda\u00e7\u00e3o e prova de t\u00edtulos. - Jornal Oficial do Munic\u00edpio de Camb\u00e9","robots":{"index":"index","follow":"follow","max-snippet":"max-snippet:-1","max-image-preview":"max-image-preview:large","max-video-preview":"max-video-preview:-1"},"canonical":"https:\/\/jornal.cambe.pr.gov.br\/index.php\/download\/edicao-911-30-04-2021-edital-no-011-2021-resultado-preliminar-da-avaliacao-de-afrodescendentes-edital-no-012-2021-resultado-preliminar-da-prova-de-redacao-e-prova-de-titulos\/","og_locale":"pt_BR","og_type":"article","og_title":"Edi\u00e7\u00e3o 911 \u2013 30.04.2021 - Edital n\u00ba 011\/2021 - Resultado Preliminar da avalia\u00e7\u00e3o de afrodescendentes; Edital n\u00ba 012\/2021 - Resultado Preliminar da prova de reda\u00e7\u00e3o e prova de t\u00edtulos. - Jornal Oficial do Munic\u00edpio de Camb\u00e9","og_url":"https:\/\/jornal.cambe.pr.gov.br\/index.php\/download\/edicao-911-30-04-2021-edital-no-011-2021-resultado-preliminar-da-avaliacao-de-afrodescendentes-edital-no-012-2021-resultado-preliminar-da-prova-de-redacao-e-prova-de-titulos\/","og_site_name":"Jornal Oficial do Munic\u00edpio de Camb\u00e9","twitter_card":"summary_large_image","schema":{"@context":"https:\/\/schema.org","@graph":[{"@type":"WebPage","@id":"https:\/\/jornal.cambe.pr.gov.br\/index.php\/download\/edicao-911-30-04-2021-edital-no-011-2021-resultado-preliminar-da-avaliacao-de-afrodescendentes-edital-no-012-2021-resultado-preliminar-da-prova-de-redacao-e-prova-de-titulos\/","url":"https:\/\/jornal.cambe.pr.gov.br\/index.php\/download\/edicao-911-30-04-2021-edital-no-011-2021-resultado-preliminar-da-avaliacao-de-afrodescendentes-edital-no-012-2021-resultado-preliminar-da-prova-de-redacao-e-prova-de-titulos\/","name":"Edi\u00e7\u00e3o 911 \u2013 30.04.2021 - Edital n\u00ba 011\/2021 - Resultado Preliminar da avalia\u00e7\u00e3o de afrodescendentes; Edital n\u00ba 012\/2021 - Resultado Preliminar da prova de reda\u00e7\u00e3o e prova de t\u00edtulos. - Jornal Oficial do Munic\u00edpio de Camb\u00e9","isPartOf":{"@id":"https:\/\/jornal.cambe.pr.gov.br\/#website"},"datePublished":"2021-04-30T12:10:00+00:00","breadcrumb":{"@id":"https:\/\/jornal.cambe.pr.gov.br\/index.php\/download\/edicao-911-30-04-2021-edital-no-011-2021-resultado-preliminar-da-avaliacao-de-afrodescendentes-edital-no-012-2021-resultado-preliminar-da-prova-de-redacao-e-prova-de-titulos\/#breadcrumb"},"inLanguage":"pt-BR","potentialAction":[{"@type":"ReadAction","target":["https:\/\/jornal.cambe.pr.gov.br\/index.php\/download\/edicao-911-30-04-2021-edital-no-011-2021-resultado-preliminar-da-avaliacao-de-afrodescendentes-edital-no-012-2021-resultado-preliminar-da-prova-de-redacao-e-prova-de-titulos\/"]}]},{"@type":"BreadcrumbList","@id":"https:\/\/jornal.cambe.pr.gov.br\/index.php\/download\/edicao-911-30-04-2021-edital-no-011-2021-resultado-preliminar-da-avaliacao-de-afrodescendentes-edital-no-012-2021-resultado-preliminar-da-prova-de-redacao-e-prova-de-titulos\/#breadcrumb","itemListElement":[{"@type":"ListItem","position":1,"name":"In\u00edcio","item":"https:\/\/jornal.cambe.pr.gov.br\/"},{"@type":"ListItem","position":2,"name":"Edi\u00e7\u00e3o 911 \u2013 30.04.2021 &#8211; Edital n\u00ba 011\/2021 &#8211; Resultado Preliminar da avalia\u00e7\u00e3o de afrodescendentes; Edital n\u00ba 012\/2021 &#8211; Resultado Preliminar da prova de reda\u00e7\u00e3o e prova de t\u00edtulos."}]},{"@type":"WebSite","@id":"https:\/\/jornal.cambe.pr.gov.br\/#website","url":"https:\/\/jornal.cambe.pr.gov.br\/","name":"Jornal Oficial do Munic\u00edpio de Camb\u00e9","description":"Prefeitura de Camb\u00e9","potentialAction":[{"@type":"SearchAction","target":{"@type":"EntryPoint","urlTemplate":"https:\/\/jornal.cambe.pr.gov.br\/?s={search_term_string}"},"query-input":{"@type":"PropertyValueSpecification","valueRequired":true,"valueName":"search_term_string"}}],"inLanguage":"pt-BR"}]}},"_links":{"self":[{"href":"https:\/\/jornal.cambe.pr.gov.br\/index.php\/wp-json\/wp\/v2\/wpdmpro\/1159","targetHints":{"allow":["GET"]}}],"collection":[{"href":"https:\/\/jornal.cambe.pr.gov.br\/index.php\/wp-json\/wp\/v2\/wpdmpro"}],"about":[{"href":"https:\/\/jornal.cambe.pr.gov.br\/index.php\/wp-json\/wp\/v2\/types\/wpdmpro"}],"author":[{"embeddable":true,"href":"https:\/\/jornal.cambe.pr.gov.br\/index.php\/wp-json\/wp\/v2\/users\/2"}],"replies":[{"embeddable":true,"href":"https:\/\/jornal.cambe.pr.gov.br\/index.php\/wp-json\/wp\/v2\/comments?post=1159"}],"wp:attachment":[{"href":"https:\/\/jornal.cambe.pr.gov.br\/index.php\/wp-json\/wp\/v2\/media?parent=1159"}],"curies":[{"name":"wp","href":"https:\/\/api.w.org\/{rel}","templated":true}]}}

Edição 911 – 30.04.2021 &#8211; Edital nº 011/2021 &#8211; Resultado Preliminar da avaliação de afrodescendentes; Edital nº 012/2021 &#8211; Resultado Preliminar da prova de redação e prova de títulos.

<!-- This site is optimized with the Yoast SEO plugin v24.4 - https://yoast.com/wordpress/plugins/seo/ -->
<title>Edição 911 – 30.04.2021 - Edital nº 011/2021 - Resultado Preliminar da avaliação de afrodescendentes; Edital nº 012/2021 - Resultado Preliminar da prova de redação e prova de títulos. - Jornal Oficial do Município de Cambé</title>
<meta name="robots" content="index, follow, max-snippet:-1, max-image-preview:large, max-video-preview:-1" />
<link rel="canonical" href="https://jornal.cambe.pr.gov.br/index.php/download/edicao-911-30-04-2021-edital-no-011-2021-resultado-preliminar-da-avaliacao-de-afrodescendentes-edital-no-012-2021-resultado-preliminar-da-prova-de-redacao-e-prova-de-titulos/" />
<meta property="og:locale" content="pt_BR" />
<meta property="og:type" content="article" />
<meta property="og:title" content="Edição 911 – 30.04.2021 - Edital nº 011/2021 - Resultado Preliminar da avaliação de afrodescendentes; Edital nº 012/2021 - Resultado Preliminar da prova de redação e prova de títulos. - Jornal Oficial do Município de Cambé" />
<meta property="og:url" content="https://jornal.cambe.pr.gov.br/index.php/download/edicao-911-30-04-2021-edital-no-011-2021-resultado-preliminar-da-avaliacao-de-afrodescendentes-edital-no-012-2021-resultado-preliminar-da-prova-de-redacao-e-prova-de-titulos/" />
<meta property="og:site_name" content="Jornal Oficial do Município de Cambé" />
<meta name="twitter:card" content="summary_large_image" />
<script type="application/ld+json" class="yoast-schema-graph">{"@context":"https://schema.org","@graph":[{"@type":"WebPage","@id":"https://jornal.cambe.pr.gov.br/index.php/download/edicao-911-30-04-2021-edital-no-011-2021-resultado-preliminar-da-avaliacao-de-afrodescendentes-edital-no-012-2021-resultado-preliminar-da-prova-de-redacao-e-prova-de-titulos/","url":"https://jornal.cambe.pr.gov.br/index.php/download/edicao-911-30-04-2021-edital-no-011-2021-resultado-preliminar-da-avaliacao-de-afrodescendentes-edital-no-012-2021-resultado-preliminar-da-prova-de-redacao-e-prova-de-titulos/","name":"Edição 911 – 30.04.2021 - Edital nº 011/2021 - Resultado Preliminar da avaliação de afrodescendentes; Edital nº 012/2021 - Resultado Preliminar da prova de redação e prova de títulos. - Jornal Oficial do Município de Cambé","isPartOf":{"@id":"https://jornal.cambe.pr.gov.br/#website"},"datePublished":"2021-04-30T12:10:00+00:00","breadcrumb":{"@id":"https://jornal.cambe.pr.gov.br/index.php/download/edicao-911-30-04-2021-edital-no-011-2021-resultado-preliminar-da-avaliacao-de-afrodescendentes-edital-no-012-2021-resultado-preliminar-da-prova-de-redacao-e-prova-de-titulos/#breadcrumb"},"inLanguage":"pt-BR","potentialAction":[{"@type":"ReadAction","target":["https://jornal.cambe.pr.gov.br/index.php/download/edicao-911-30-04-2021-edital-no-011-2021-resultado-preliminar-da-avaliacao-de-afrodescendentes-edital-no-012-2021-resultado-preliminar-da-prova-de-redacao-e-prova-de-titulos/"]}]},{"@type":"BreadcrumbList","@id":"https://jornal.cambe.pr.gov.br/index.php/download/edicao-911-30-04-2021-edital-no-011-2021-resultado-preliminar-da-avaliacao-de-afrodescendentes-edital-no-012-2021-resultado-preliminar-da-prova-de-redacao-e-prova-de-titulos/#breadcrumb","itemListElement":[{"@type":"ListItem","position":1,"name":"Início","item":"https://jornal.cambe.pr.gov.br/"},{"@type":"ListItem","position":2,"name":"Edição 911 – 30.04.2021 &#8211; Edital nº 011/2021 &#8211; Resultado Preliminar da avaliação de afrodescendentes; Edital nº 012/2021 &#8211; Resultado Preliminar da prova de redação e prova de títulos."}]},{"@type":"WebSite","@id":"https://jornal.cambe.pr.gov.br/#website","url":"https://jornal.cambe.pr.gov.br/","name":"Jornal Oficial do Município de Cambé","description":"Prefeitura de Cambé","potentialAction":[{"@type":"SearchAction","target":{"@type":"EntryPoint","urlTemplate":"https://jornal.cambe.pr.gov.br/?s={search_term_string}"},"query-input":{"@type":"PropertyValueSpecification","valueRequired":true,"valueName":"search_term_string"}}],"inLanguage":"pt-BR"}]}</script>
<!-- / Yoast SEO plugin. -->

Edição 911 – 30.04.2021 - Edital nº 011/2021 - Resultado Preliminar da avaliação de afrodescendentes; Edital nº 012/2021 - Resultado Preliminar da prova de redação e prova de títulos. - Jornal Oficial do Município de Cambé

Jornal Oficial do Município de Cambé

Início

Prefeitura de Cambé
